 3) + 6 + (-10 + 8 - -11).
16
Calculate 73 - (-71 - (-116 + 71)).
99
Calculate 0 + -97 - (37324 + -37531).
110
Calculate (-66 - 2) + -13 - -24.
-57
20 + -14 + 10 + 31
47
Evaluate 90 + (0 - (2 - 2)) - (260 + -370 + 118).
82
What is the value of -71 + (41 - (-206 - -140))?
36
Evaluate -2 + -1 + (6 - 2) + -63 + 75 - 31.
-18
Calculate -13 + 14 + -6 + (65 - 55).
5
What is -32 - (-16 + -7) - -3 - -2?
-4
What is -122 - (88 + -76 + -164)?
30
Evaluate -1 + -28 - (-215 + 211) - 0.
-25
What is (-22 - 28) + (129 - 53)?
26
What is the value of -37 - -50 - (-9 + 13 + -17) - -6?
32
Calculate (34 + -6 - 14 - 19 - -8) + -7 + -28.
-32
-32 + 1 + 1 - (-10858 - -10889)
-61
What is the value of 63 + 1 + -1308 + 1264?
20
Calculate -33 + (5 - (7 + -11 + 11 + -9)).
-26
(46 - (-5 - 43)) + -59
35
(25 - (-2 + (45 - 7))) + (1 - (-3 - 4))
-3
What is the value of 3 - (-12 - -3) - (-13 + (8 - -3) - 3)?
17
What is (-6 - 2) + 28 + -34 + 65?
51
Calculate 23 + (1 - 16) + (-16 - -5 - -5).
2
What is the value of -10 + 22 + (10 - 19) + (-3 - -54)?
54
Evaluate (-39 - (56 + -49)) + 25.
-21
What is the value of 7 + 8 + -12 + -2 - (26 - 39)?
14
What is -31 + (37 - (-33 + 94))?
-55
Evaluate (-8 - (4 - 13)) + 1 + 1 + -3.
0
What is the value of -39 - (16 + (-5 - (-11 + 26)))?
-35
What is the value of 0 - ((58 - (13 + -7) - (-4 + -3)) + 9)?
-68
(12 - 0 - 2) + (-47 - (1 - 29) - 45)
-54
What is the value of -71 + (3 - (11 - (-2 + -3) - 18))?
-66
What is the value of (13 - (13 - (-40 + (-9 - -12)))) + -10?
-47
Evaluate 40 + -4 + (18 - 30) + 5.
29
What is the value of (1 - (-1 + (6 - -1))) + (20 - -51 - 9)?
57
What is the value of 2 + (-3 - (11 + -3) - (4 + -24))?
11
Evaluate (-2 - -2) + -42 - (3649 - 3610).
-81
Calculate -22 - (-12 + 0 + -88 + -9).
87
Calculate (0 - (15 - (0 - -12))) + -5 + 9 + 0.
1
Evaluate (-92 + 36 - -87) + 2 + 29.
62
(37 - -41 - (4 - (-11 - 5))) + -9
49
Evaluate -3 + -1 - (6 - (-5 + 5)) - (116 + -237).
111
What is the value of (-2 - (3 - -15)) + (-25 - -45 - 24) + 1?
-23
What is the value of 15 - ((-23 - -6) + (-6 - -65))?
-27
What is (-3 + -136 - -29) + 4?
-106
What is (-2 + 0 - 6 - (-218 - -209)) + -7 + 62?
56
Calculate -2 - -4 - (2 + -12) - (-168 + 131).
49
What is the value of -21 + (31 - ((17 - 22) + -10)) + -128?
-103
Calculate (3 - 53) + (-70 + 137 - 107).
-90
(42 - 26) + -82 - -90
24
Calculate -3 + 7 + -28 - (16 + -22 - 6 - -8).
-20
Evaluate -15 - -52 - 9 - (-13 - -12) - 1.
28
Evaluate 12 + -14 + 28 + (-28 - -32).
30
Calculate -15 + (-50 - -19) + -10 - (-2 - -6).
-60
Calculate 55 + (-225 - -85) + 102.
17
Calculate 24 - (14 + (-22 - -11) + 9 + -2 + -12).
26
What is -21 + -6 + 33 + 3?
9
What is the value of (-111 - -119 - 89) + 122?
41
Calculate 20 + -7 - 48 - (-2 + -1 + 6).
-38
(-4 - 2) + -9 - (-111 + 117)
-21
Evaluate 91 + 22 + -48 - 6.
59
Calculate -2 + -26 - (99 + -105) - 8.
-30
78 + (-90 - 32) + (-38 - 4)
-86
Calculate (-3 - (5 + 6)) + 10 + -31.
-35
Evaluate 417 + -431 - (-1 + 4 + -2 + -5).
-10
What is the value of 11 + (0 + -2 - (-37 + 4 + 31)) + -50?
-39
Evaluate 1 + (0 - 2 - 11) - (530 + -495).
-47
What is the value of 91 - (-4 + (-4 - -3 - (-7 + 0)) - -3)?
86
Evaluate 0 - (-1 + 18) - (782 - 818).
19
What is the value of -7 - (-57 + -18 + 2 + 12) - 5?
49
What is the value of (-2 - (-7 + 1) - -2) + (38 - -9) + -44?
9
3 - -25 - (-42 + 43 + -38)
65
Evaluate -15 + 38 + -4 + -11 + -43 - 11.
-46
What is the value of -2 + -23 - ((64 - 139) + 58) - 131?
-139
Calculate -45 + (18 - (-12 - -1) - 13) + (-5 - -19).
-15
What is the value of (4 - 5 - -3) + (-5 - (1 + -25)) + 2?
23
Evaluate (26 + -20 - -41) + -58.
-11
Calculate (-38 - -31) + (1 - 4) + (2 - (-1 + 42)).
-49
Calculate -32 + (894 - 866) + (-2 - 14).
-20
What is the value of -35 - -22 - 82 - 40?
-135
39 + -50 + 2 + 3 + -1 + -11
-18
What is (13 - 15 - -17) + (16 - 6)?
25
What is the value of (-8 - -31) + (49 - 69) + (2 - -10)?
15
23 + -23 + -12 - 0 - 20
-32
What is the value of (-11 - -2) + (161 + -38 - 31) + 14?
97
Calculate -4 + (-1 - -3) - (-90 - 112 - -288).
-88
Calculate -82 - (16 + -52 - 14).
-32
Calculate 25 + (-4 - -2) + (-103 - -150) + -56.
14
81 - (-25 + -155 + 205)
56
What is 29 - 18 - (27 + -29 + 110 - (2 - 3))?
-98
What is 16 + -16 - 18 - -39 - (34 + -147)?
134
Calculate -2 - (0 - (82 - -3)) - (-4 + 46 - 38).
79
Evaluate (-5 - -6 - 85) + 66.
-18
15 + (-23 + 39 - 27 - (-1 - 2)) - -40
47
What is the value of -184 + 115 + -150 + 152?
-67
-80 + (-39 - -221) - 138
-36
What is the value of -2 + -7 + -14 + 4 + 7 - -110?
98
Calculate (6 - 17) + -6 + 28 + (16 + -6 - 10).
11
Evaluate (3 + 14 - (2 - -2)) + (-149 - -78) + 91.
33
-29 - (6 + -2 + -734 + 738)
-37
What is the value of -4 + (-2 - -11) + 13 + -11 + -80 + -7?
-80
20 - ((-195 - -194) + (18 - 0) - 14)
17
(0 - -16) + -5 + -1 - (-59 - -57)
12
Calculate 8 - (11 - (15 - -18) - 16) - 14.
32
Calculate 31 + (-29 + 9 - -12) + 7.
30
Evaluate 1 - (-5 + -13 + 38) - -18.
-1
Evaluate -79 - -57 - (24 + -91 + 18).
27
What is the value of 13 - (28 - 78) - -36?
99
Evaluate -16 + (-2 + 30 - (43 + (-56 - -22))).
3
What is the value of (23 - 25) + -8 + 0 + 8 + -1 + -9?
-12
What is the value of 0 + (-2 - 0) + (-28 + 132 - 20)?
82
What is the value of 11 - 6 - (-516 - -610)?
-89
What is (4 - (0 + 14)) + (18 - 45 - 9)?
-46
-9 + -73 + (-26 - -23) + 24
-61
Evaluate -42 + 170 + -80 - (0 + -10).
58
Evaluate 64 - (-15 - -70) - (-39 - 1).
49
What is the value of (-18 - -47) + 14 + -37 + -3?
3
Evaluate 48 + (-2 - 45 - -18).
19
What is the value of 23 + (-2 + -6 - 25) - -66?
56
What is -38 + (16 + -36 - -38) - 63?
-83
What is the value of -49 - (-44 + 77 + -59)?
-23
Calculate 6 + 46 + (159 + -149 - (1 + 18)).
43
What is the value of 84 + -78 - -19 - (29 + 2)?
-6
What is the value of -103 + 97 + 103 - 68?
29
What is the value of 137 + 59 - 216 - (-1 + 51 + 2)?
-72
-4 - -46 - (21 + 26)
-5
Calculate -2 + (-62 - 85) + 106.
-43
Calculate -933 + 913 + (4 - (5 - -4)).
-25
Calculate -23 + (-7 - 5 - -5) + (-2 - 1).
-33
Evaluate -35 + 17 + -1 + (6 - -1) - (-3 + 21).
-30
Evaluate (76 + -1 - (-9 - 6)) + 5 + (2 - 2).
95
Calculate -108 - (-26 + -11 - -46 - 11).
-106
What is (-35 + 1 - (-50 + 42 + 12)) + -10 - -10?
-38
What is the value of 29 + (832 - 827) + 1 + -11?
24
What is the value of (1 - (-4 + 8 - -11)) + (77 - 68)?
-5
What is the value of 8 + (80 - 31 - 32)?
25
Calculate (-11 - (-3 + 22 + -14 - 25)) + -29.
-20
27 + 1 + (31 - (48 + -31))
42
What is 71 - (61 - (-3 + -11)) - (-1 - -29 - 0)?
-32
What is -38 + 0 + 6350 + -6288?
24
Calculate (108 + -42 - 43) + -34.
-11
What is the value of -3 - -2 - (3 + -4) - -14 - (-1729 - -1731)?
12
5 + -5 + (12 - 47) + 26
-9
Calculate -8 - (9 + -13 - ((7 + -3 - 2) + -9)).
-11
Evaluate -20 + (-6 - -40) - (-3 + 0 + 2).
15
What is 54 + 1 - (-34 + 46 + -8 + -20)?
71
What is (-12 + (-10 - (3 + -16)) - 6) + -32?
-47
89 + -90 - (8 - ((1 - 1) + -23))
-32
What is 34 - (5 - (23 + 2 + -73))?
-19
What is -43 + 17 + 14 + 24?
12
Evaluate -104 - ((4 + -6 + 5 - -3) + (19 - 31)).
-98
Evaluate (-15 + -23 - -75) + -8.
29
What is the value of 46 + -15 + -12 + 21 + -95?
-55
Evaluate 64 - ((15 - -21) + -21).
49
Calculate (8 + (25 - 11) - 10) + 0 - 2.
10
(6 - (1 - -1)) + 0 - (27 - 23)
0
Evaluate 27 - (-19 + (10 - 1) - -15).
22
Evaluate 0 - 18 - (15 - (-2 - -7)).
-28
What is 4 + (1 + 16 - (-233 + 244))?
10
Evaluate -4 + (-1 - (-12 - (77 + -12)) - (-1 + 6)).
67
What is the value of 56 + 0 + 0 + (-152 - -141)?
45
55 + (9 + 11 - (-14 - -19)) - (-6 - -4)
72
(-5 - 41) + 49 - 14
-11
What is (46 + -67 - 93) + 89?
-25
What is (55 - -25 - 9) + -25?
46
37 - 18 - (-8 - -1)
26
17 + 51 + (3 - 14)
57
Calculate -19 + 214 + (-247 - -157).
105
(-37 - 2) + -4 + 41 - (1 + 76)
-79
Calculate 125 + (-111 - 82) + 52.
-16
What is the value of -26 - (36 + -31 - (-19 - -73))?
23
Evaluate (-69 + 1 - -19) + (-11 + 6 - -10).
-44
Evaluate 0 + 1 + (6 - (3 + -2)) + 384 + -392.
-2
Calculate 3 - (10 + 10 + -2 + -146 + 9) - -4.
126
Evaluate (11 - (10 + (-5 - -1))) + (-76 - -81).
10
Calculate -70 - ((-17 - -18) + -43).
-28
What is 41 + -31 + -115 - -150?
45
Evaluate (-5 - -3) + 273 + -218.
53
What is the value of 62 + -2 + (-11 - -8) + -21?
36
What is the value of 0 + -79 - (-12571 - -12595)?
-103
What is 23 - (30 + (-50 - (-107 - -31)))?
-33
What is the value of (8 - -157) + -153 - (-32 + -2)?
46
What is the val